se 2) to base 8.
547
-c10d (base 14) to base 5
-2030022
What is -7bb (base 15) in base 2?
-11011010111
What is c6 (base 14) in base 10?
174
-777b (base 12) to base 16
-338f
-1010 (base 9) to base 12
-516
-7a39 (base 11) to base 7
-42546
What is 33014 (base 5) in base 10?
2259
Convert 536 (base 13) to base 8.
1572
-822 (base 10) to base 11
-688
-428b (base 14) to base 6
-125111
What is -340 (base 12) in base 10?
-480
Convert 376 (base 12) to base 3.
201100
84611 (base 9) to base 12
28424
Convert -1100 (base 9) to base 13.
-4a4
What is 11534 (base 6) in base 16?
6b2
-26055 (base 12) to base 13
-1a819
What is -262 (base 7) in base 6?
-354
Convert -3183 (base 9) to base 12.
-1433
e01 (base 16) to base 3
11220210
Convert -1058 (base 10) to base 13.
-635
Convert -214142 (base 5) to base 3.
-101011220
-7740 (base 10) to base 13
-36a5
-5cbc (base 14) to base 16
-3f6e
-13231 (base 4) to base 9
-607
Convert 10020001020 (base 3) to base 10.
63456
What is 48a9 (base 14) in base 16?
3195
746 (base 9) to base 3
211120
Convert -30d5 (base 14) to base 15.
-2764
-236 (base 12) to base 9
-406
-16a1 (base 12) to base 9
-3644
5350 (base 6) to base 7
3360
-11101111000010 (base 2) to base 15
-47ed
Convert 2113 (base 5) to base 16.
11b
1b2 (base 14) to base 16
160
11100010 (base 2) to base 13
145
-8472 (base 12) to base 10
-14486
Convert -10434 (base 7) to base 11.
-1a74
-32300 (base 4) to base 6
-4212
334 (base 10) to base 13
1c9
Convert -1022200101 (base 3) to base 9.
-38611
Convert 79c (base 13) to base 11.
a93
What is -9608 (base 10) in base 8?
-22610
-6165 (base 7) to base 6
-13550
1025 (base 11) to base 14
6d0
What is -8387 (base 14) in base 6?
-252523
What is 102414 (base 6) in base 2?
10000010101010
What is -5f1 (base 16) in base 11?
-1163
What is -223103 (base 4) in base 2?
-101011010011
What is 1b8 (base 13) in base 2?
101000000
Convert 1100011110101110 (base 2) to base 8.
143656
Convert 13114 (base 8) to base 5.
140313
-1000010001111 (base 2) to base 11
-3204
What is 203514 (base 7) in base 6?
425323
What is 615 (base 8) in base 4?
12031
137b (base 15) to base 11
3148
What is -1534 (base 15) in base 14?
-192d
86 (base 10) to base 3
10012
-c1 (base 14) to base 9
-207
What is 4941 (base 15) in base 2?
11110011100010
-1008 (base 14) to base 7
-11011
What is -72644 (base 9) in base 7?
-256453
1974 (base 11) to base 7
10202
Convert 12420 (base 5) to base 10.
985
What is -354 (base 10) in base 4?
-11202
What is -23312 (base 5) in base 15?
-78c
Convert -5831 (base 10) to base 6.
-42555
What is -3374 (base 9) in base 11?
-1970
What is -103a (base 11) in base 15?
-619
What is 69b (base 13) in base 10?
1142
What is 242c4 (base 13) in base 15?
14a23
Convert -37db (base 15) to base 5.
-340111
What is -272 (base 16) in base 15?
-2bb
Convert -673 (base 11) to base 12.
-572
Convert 319 (base 13) to base 7.
1354
Convert -1010000011011 (base 2) to base 9.
-7048
What is -912 (base 16) in base 7?
-6525
15 (base 10) to base 15
10
Convert 392 (base 14) to base 13.
431
Convert 320b (base 16) to base 14.
4951
What is 446 (base 7) in base 11?
19a
Convert -2976 (base 11) to base 7.
-14115
What is 25f (base 16) in base 10?
607
What is 420 (base 9) in base 3?
110200
-3522 (base 13) to base 11
-5676
14c (base 16) to base 15
172
Convert 719 (base 13) to base 10.
1205
What is -511 (base 8) in base 3?
-110012
Convert -3523 (base 8) to base 14.
-97d
Convert 7700 (base 9) to base 11.
4295
Convert -121224 (base 6) to base 14.
-3c64
Convert -5568 (base 11) to base 15.
-228e
Convert -640 (base 13) to base 9.
-1414
What is -219 (base 16) in base 3?
-201220
What is 111000011001000 (base 2) in base 7?
150114
Convert -406 (base 14) to base 2.
-1100010110
1320 (base 4) to base 11
aa
What is -22035 (base 6) in base 7?
-11612
-4388 (base 10) to base 6
-32152
What is 1320132 (base 4) in base 6?
55410
Convert 1010000001 (base 2) to base 11.
533
What is -2002 (base 3) in base 11?
-51
What is -22671 (base 8) in base 15?
-2cdc
What is -168a (base 15) in base 11?
-3714
-15357 (base 8) to base 16
-1aef
Convert 369d (base 14) to base 11.
719a
What is -30766 (base 9) in base 13?
-9324
What is -1000011010 (base 2) in base 8?
-1032
107ca (base 16) to base 5
4130110
-3402 (base 5) to base 15
-21c
What is -543 (base 11) in base 9?
-804
What is -29db (base 14) in base 11?
-5659
-a1 (base 12) to base 8
-171
What is 10024434 (base 5) in base 11?
55112
What is 1277 (base 11) in base 4?
121321
-3a1 (base 12) to base 8
-1051
What is 2400 (base 5) in base 7?
1010
-102252 (base 6) to base 7
-33143
-131020 (base 4) to base 3
-2120001
-11424 (base 5) to base 7
-2343
What is 1129 (base 10) in base 15?
504
Convert 1021415 (base 6) to base 11.
34309
Convert -1210111011 (base 3) to base 13.
-13120
What is -43d (base 14) in base 4?
-31013
What is -1000110 (base 2) in base 7?
-130
-62101 (base 7) to base 13
-6b7a
What is 1e0 (base 15) in base 14?
231
Convert 149c (base 14) to base 11.
2833
Convert 1302312 (base 4) to base 16.
1cb6
-261061 (base 7) to base 8
-136426
-55c3 (base 16) to base 15
-678a
What is 1c (base 13) in base 15?
1a
What is -8c8c (base 13) in base 8?
-46410
110001101 (base 2) to base 4
12031
Convert -605 (base 7) to base 4.
-10223
Convert -121 (base 15) to base 7.
-514
Convert 435 (base 14) to base 3.
1010210
What is -bcc (base 14) in base 8?
-4440
-11023 (base 5) to base 9
-1037
-16340 (base 11) to base 15
-6c59
What is -5ad1 (base 14) in base 15?
-4a78
What is 1179 (base 15) in base 5?
104324
560 (base 8) to base 5
2433
Convert 18054 (base 10) to base 16.
4686
Convert -2164 (base 16) to base 5.
-233143
What is 69 (base 10) in base 12?
59
-15ad (base 15) to base 13
-2179
What is 333200 (base 4) in base 14?
16a4
694 (base 10) to base 2
1010110110
c3b5 (base 13) to base 15
8014
Convert 123615 (base 7) to base 6.
254120
What is -100022 (base 3) in base 9?
-308
What is -481 (base 11) in base 5?
-4243
What is -365 (base 12) in base 16?
-1fd
-16bb1 (base 12) to base 6
-411541
-24560 (base 7) to base 8
-14475
-6207 (base 8) to base 3
-11101210
What is -105 (base 9) in base 12?
-72
Convert 11001 (base 3) to base 8.
155
Convert 22a (base 12) to base 14.
190
What is 444 (base 11) in base 7?
1360
What is -2945 (base 10) in base 13?
-1457
12422 (base 7) to base 4
303203
What is -1a79 (base 11) in base 3?
-10121022
What is 12460 (base 13) in base 14?
c3db
Convert 11102 (base 6) to base 13.
923
What is 198 (base 13) in base 8?
446
567b (base 13) to base 11
9101
What is 28104 (base 11) in base 10?
40055
-234342 (base 5) to base 3
-102222001
347 (base 14) to base 8
1213
a9da (base 15) to base 2
1000110010001100
What is -31032 (base 4) in base 12?
-5a6
-435 (base 9) to base 14
-1b6
-35 (base 10) to base 16
-23
232334 (base 6) to base 15
5dd7
What is -3000122 (base 4) in base 8?
-30032
Convert 1021 (base 5) to base 14.
9a
2ab8 (base 12) to base 5
130121
-12089 (base 12) to base 14
-8bd7
What is 1000011111 (base 2) in base 12?
393
What is 5205 (base 8) in base 7?
10565
-1b30 (base 16) to base 6
-52120
Convert -2c1 (base 14) to base 4.
-20301
What is 12153 (base 6) in base 11?
1394
Convert 3530 (base 6) to base 16.
34e
What is 1c (base 16) in base 5?
103
What is -2364 (base 11) in base 10?
-3095
Convert 7118 (base 9) to base 2.
1010001010001
10010 (base 4) to base 8
404
What is -20031101 (base 4) in base 7?
-200003
Convert 96 (base 13) to base 10.
123
709 (base 15) to base 12
b00
-e2 (base 15) to base 9
-255
-121220 (base 4) to base 11
-1261
What is 1101101000001111 (base 2) in base 15?
11818
-1b42 (base 12) to base 6
-23322
Convert -503 (base 11) to base 9.
-745
Convert -32100330 (base 4) to base 2.
-1110010000111100
What is 2413342 (base 5) in base 8?
127457
Convert 39a7 (base 13) to base 8.
20071
What is 2e0a (base 15) in base 8?
23266
What is 100112 (base 3) in base 9?
315
40346 (base 10) to base 3
2001100022
-2200 (base 11) to base 4
-231120
What is -92c (base 15) in base 4?
-200103
What is -22240 (base 11) in base 8?
-76746
Convert -745 (base 8) to base 9.
-588
What is 2100002211 (base 3) in base 16?
b3b3
What is -2045 (base 12) in base 10?
-3509
Convert 331020 (base 4) to base 15.
125c
What is 8a46 (base 14) in base 7?
126616
-10000011001111 (base 2) to base 10
-8399
What is 1001011011101 (base 2) in base 16?
12dd
W